{"id":1711,"date":"2014-11-11T10:48:38","date_gmt":"2014-11-11T10:48:38","guid":{"rendered":"http:\/\/bedizzanodotcom2.wordpress.com\/?page_id=1"},"modified":"2025-10-25T19:35:21","modified_gmt":"2025-10-25T19:35:21","slug":"il-paese-2","status":"publish","type":"page","link":"https:\/\/bedizzano.it\/index.php\/il-paese-2\/","title":{"rendered":"Il Paese"},"content":{"rendered":"<figure id=\"attachment_1950\" aria-describedby=\"caption-attachment-1950\" style=\"width: 150px\" class=\"wp-caption alignleft\"><img loading=\"lazy\" decoding=\"async\" class=\"size-thumbnail wp-image-1950\" src=\"https:\/\/bedizzano.it\/wp-content\/uploads\/2024\/12\/aq-bedizzano-150x150.jpg\" alt=\"\" width=\"150\" height=\"150\" \/><figcaption id=\"caption-attachment-1950\" class=\"wp-caption-text\">Bedizzano ad inizio &#8216;900<\/figcaption><\/figure>\n<p><a href=\"https:\/\/bedizzano.it\/index.php\/la-storia\/\"><strong>LA STORIA<\/strong><\/a><br \/>\n<em>Non \u00e8 solo il Presente ad unirci, ma anche e soprattutto il nostro Passato. Le nostre Origini e le nostre Radici affondano in questo paese, in questi Boschi e in queste Acque. E questo vale per tutti, anche per l\u2019ultimo dei nuovi abitanti o per gli abitanti che devono ancora venire: perch\u00e9 la Storia si attacca ai muri delle Case, alle cortecce degl\u2019Alberi e agli Oggetti ormai in disuso. La Storia non \u00e8 solo Conoscenza della mente, ma anche Esperienza in tutto ci\u00f2 che ci circonda. La Storia \u00e8 una Memoria che tramanda se stessa.<\/em><\/p>\n<p>&nbsp;<\/p>\n<p style=\"text-align: left;\"><img loading=\"lazy\" decoding=\"async\" class=\"size-thumbnail wp-image-1938 alignleft\" src=\"https:\/\/bedizzano.it\/wp-content\/uploads\/2024\/12\/chiesa-lato-ovest1-150x150.jpg\" alt=\"\" width=\"150\" height=\"150\" \/><em><a href=\"https:\/\/bedizzano.it\/index.php\/il-paese-2\/visita-al-paese\/\"><strong>VISITA IL PAESE<\/strong><\/a><br \/>\nIl Paese \u00e8 la nostra casa, i boschi intorno sono il nostro giardino e la piazza \u00e8 il nostro salotto. Il paese \u00e8 la nostra casa, teniamola pulita e ordinata. Il paese \u00e8 la nostra casa, accogliamo chi viene a farci visita con il riguardo che si riserva a un ospite gradito. Il paese \u00e8 la nostra casa, i suoi abitanti sono la nostra famiglia e la nostra famiglia \u00e8 il nostro cuore. Sorridiamo pi\u00f9 spesso a chi abbiamo di fronte e guardiamo pi\u00f9 spesso il cielo stellato. Costruiamo un paese migliore per il domani, il paesaggio che vedranno gli occhi dei nostri figli quando saranno vecchi.<\/em><\/p>\n<p style=\"text-align: left;\">\n","protected":false},"excerpt":{"rendered":"<p>LA STORIA Non \u00e8 solo il Presente ad unirci, ma anche e soprattutto il nostro Passato. Le nostre Origini e le nostre Radici affondano in questo paese, in questi Boschi e in queste Acque. E questo vale per tutti, anche per l\u2019ultimo dei nuovi abitanti o per gli abitanti che devono ancora venire: perch\u00e9 la&hellip;&nbsp;<a href=\"https:\/\/bedizzano.it\/index.php\/il-paese-2\/\" rel=\"bookmark\"><span class=\"screen-reader-text\">Il Paese<\/span><\/a><\/p>\n","protected":false},"author":2,"featured_media":0,"parent":0,"menu_order":1,"comment_status":"open","ping_status":"open","template":"","meta":{"neve_meta_sidebar":"","neve_meta_container":"","neve_meta_enable_content_width":"off","neve_meta_content_width":100,"neve_meta_title_alignment":"","neve_meta_author_avatar":"","neve_post_elements_order":"","neve_meta_disable_header":"","neve_meta_disable_footer":"","neve_meta_disable_title":"","footnotes":""},"class_list":["post-1711","page","type-page","status-publish","hentry"],"_links":{"self":[{"href":"https:\/\/bedizzano.it\/index.php\/wp-json\/wp\/v2\/pages\/1711","targetHints":{"allow":["GET"]}}],"collection":[{"href":"https:\/\/bedizzano.it\/index.php\/wp-json\/wp\/v2\/pages"}],"about":[{"href":"https:\/\/bedizzano.it\/index.php\/wp-json\/wp\/v2\/types\/page"}],"author":[{"embeddable":true,"href":"https:\/\/bedizzano.it\/index.php\/wp-json\/wp\/v2\/users\/2"}],"replies":[{"embeddable":true,"href":"https:\/\/bedizzano.it\/index.php\/wp-json\/wp\/v2\/comments?post=1711"}],"version-history":[{"count":5,"href":"https:\/\/bedizzano.it\/index.php\/wp-json\/wp\/v2\/pages\/1711\/revisions"}],"predecessor-version":[{"id":2054,"href":"https:\/\/bedizzano.it\/index.php\/wp-json\/wp\/v2\/pages\/1711\/revisions\/2054"}],"wp:attachment":[{"href":"https:\/\/bedizzano.it\/index.php\/wp-json\/wp\/v2\/media?parent=1711"}],"curies":[{"name":"wp","href":"https:\/\/api.w.org\/{rel}","templated":true}]}}